*(5 - -2)?
26
Suppose -u + 22 + 15 = 0. Let v = 33 + -13. Calculate the remainder when u is divided by v.
17
Suppose 3*n + 96 = 6*n. Let m(p) = p**3 + 8*p**2 - p + 3. Calculate the remainder when n is divided by m(-8).
10
Let p = 3 - 1. Calculate the remainder when 28 is divided by p/(-7) - 144/(-14).
8
Let p = 5 - -45. Suppose 3*m - 9 = -2*d - 2, 4*d - 19 = -m. Suppose -5*u + 75 = d*n, 5*u + 4*n = 54 + 23. Calculate the remainder when p is divided by u.
16
Let b(n) = -n - 11*n**2 + 1 + 11*n**2 + 2*n**3 + 0*n. What is the remainder when b(2) is divided by 4?
3
Suppose 0*s - s = -12. Let w be 21 + 2 - (1 + 0). Suppose m - t = w, -5*m = 3*t + 2*t - 120. What is the remainder when m is divided by s?
11
Let o(x) be the third derivative of -x**5/60 + 13*x**4/24 - 7*x**3/6 + x**2. Let q be o(12). Let y = -4 + q. Calculate the remainder when 1 is divided by y.
0
Suppose -6*s = -2*s + 5*x - 70, -2*s = 5*x - 40. Let l(h) = 2*h**2 - 3. Calculate the remainder when l(4) is divided by s.
14
Let t = 3 - -23. Let g(c) = c**3 + c - 1. Let h be (1/3)/(2/12). Calculate the remainder when t is divided by g(h).
8
Let o be (-15)/(-25) - (-456)/(-10). Let x = -20 - o. What is the remainder when 48 is divided by x?
23
Suppose -5*k = h + 1 - 155, 3*k - 86 = h. Suppose 0 = 4*w + w + k. What is the remainder when w + 3 + 30 - 3 is divided by 9?
6
Let t = -14 + 14. Suppose t*h + 36 = 3*h. What is the remainder when 22 is divided by h?
10
Suppose 0 = 2*q - 3*a - 65, 2*a + 53 = 3*q - 52. Suppose -2*t + 4*t - 78 = 0. Let u = t - 26. Calculate the remainder when q is divided by u.
11
Let k(c) = 3*c**2 + 7*c + 13. Calculate the remainder when k(-6) is divided by 20.
19
What is the remainder when 1 - (-33)/(-39) - (-4536)/91 is divided by 26?
24
Suppose 0 = 4*i + 4*o + 16, 3*i = -0*i - 5*o - 22. What is the remainder when i - 87/6*-2 is divided by 11?
8
Let y(b) = -2*b - 10. Calculate the remainder when y(-8) is divided by 2.
0
Suppose -4*x = v - 8, -10 - 11 = -5*v - x. Suppose -257 = 3*s - v*p, 2*s - 4*p + 0*p = -174. Let d = -50 - s. Calculate the remainder when d is divided by 12.
9
Calculate the remainder when 20 is divided by (168/(-30))/(4/(-10)).
6
Let k(x) = 2*x - 3. Let f be k(5). Let p(i) = 21*i + 1. Let v be p(4). Suppose -v = -f*q + 2*q. What is the remainder when 32 is divided by q?
15
Let t(h) = -4*h + 1. Suppose 5*i + 159 = 59. Let m be 28/i - 2/(-5). What is the remainder when t(m) is divided by 2?
1
Suppose 0 = -3*w + 2*t + 1 + 18, 0 = -4*w + t + 17. What is the remainder when 58/18 + 30/(-135) is divided by w?
0
Let r = 1 + 20. Suppose 43 = 4*k - 3*n - r, 5*n - 32 = -2*k. Let v(y) = y**2 + y - 3. Calculate the remainder when k is divided by v(-4).
7
Let r(m) = 4*m**2 - 2*m. Suppose x = 5*p - 60, 4*p + 2*x + 11 = 73. Let c = p - -3. Calculate the remainder when r(3) is divided by c.
14
Suppose -4*z = v - z - 31, -5*z = v - 41. Calculate the remainder when 63 is divided by v.
15
Let k(g) = -7*g + 2. Let v be k(1). Let p = 25 + v. What is the remainder when p is divided by 11?
9
Suppose 38 = 2*z - 24. Suppose 0 = -3*i + 3*g + 84, i - z = -g - g. Calculate the remainder when i is divided by 15.
14
Let f(b) = -5*b**2 - 1. Let a be f(1). What is the remainder when a/(0 - -2) + 33 is divided by 8?
6
Suppose 4*p = 10 + 66. What is the remainder when 35 is divided by p?
16
Suppose 25*f - 29*f + 136 = 0. Calculate the remainder when 66 is divided by f.
32
Let m = -24 + 41. What is the remainder when 50 is divided by m?
16
Suppose -3*f = -26 - 22. Calculate the remainder when f is divided by 11.
5
Suppose 88 = 3*h - 0*h - 4*q, 5*q + 83 = 3*h. What is the remainder when (h/(-14))/(4/(-28)) is divided by 5?
3
Suppose -4*k + 391 = -3*b, -k + 3*b + 17 + 92 = 0. What is the remainder when k is divided by 24?
22
Suppose -4*x + t + 8 = 6*t, 5 = -x - 3*t. Suppose 0 = 4*u - x*u + 48. Calculate the remainder when (-15)/6*(-124)/10 is divided by u.
15
Let a(x) = -16*x**3 - 3*x**2 - x. Calculate the remainder when a(-2) is divided by 15.
13
Suppose -a + 17 = 11. Suppose -4*o + 5*o = 11. Calculate the remainder when o is divided by a.
5
Let d(f) = -f + 1. Let b be d(2). Let a be 3 + b - 4/4. What is the remainder when (a + -3)*(-37)/2 is divided by 13?
11
Let p = 182 + -116. Suppose 3*z = -2*z + 115. What is the remainder when p is divided by z?
20
Let z = 31 + -21. Let s(f) = 3*f**2 + 4*f + 2. Let b be s(-1). Let w = b + z. What is the remainder when w is divided by 6?
5
Let a be (-6)/(-33) + (-42)/(-11). Suppose -28 = 4*d - a*x - 176, 0 = 5*x + 25. Calculate the remainder when d is divided by 11.
10
Suppose -5*k - t + 384 + 35 = 0, 2*k - 4*t = 150. Calculate the remainder when k is divided by 21.
20
Let z = -14 + 46. Suppose -5*a - 2*o = -3*a - z, 5*o + 16 = 3*a. Calculate the remainder when 23 is divided by a.
11
Suppose 0 = 5*g - 0*g - 290. Let q(p) = p**2 + p. Suppose -3*x - 3*n = 12, -x - 2*n - 1 - 2 = 0. What is the remainder when g is divided by q(x)?
18
Let v = 2 - 0. Calculate the remainder when 2 is divided by v.
0
Let r be (1/3)/((-1)/(-18)). What is the remainder when 14*1*(-4 + r) is divided by 15?
13
Let y(c) = -2*c**3 - 8*c**2 - 3*c. Calculate the remainder when y(-4) is divided by 5.
2
Suppose 0 = -22*a + 697 + 95. What is the remainder when 175 is divided by a?
31
Let y(p) = 2*p - 4. Suppose 0 = t - g - 11, -6*g + 2*g = 2*t - 28. What is the remainder when y(13) is divided by t?
10
What is the remainder when 67 is divided by 2/(-7)*-1 - 576/(-42)?
11
Suppose 0 = -5*c + 1103 + 152. Calculate the remainder when c is divided by 36.
35
Let u(a) = 3*a**2 - 3*a - 1. Let p = 66 + -34. What is the remainder when p is divided by u(3)?
15
Suppose 0*j + 4*r + 52 = 4*j, 2*j - r = 27. Suppose -j = -4*z + 18. Suppose 0 = -p + 2 + z. Calculate the remainder when 28 is divided by p.
8
Let t(q) = q**3 - 9*q**2 + q + 1. Suppose 2*v - 1 = 5. What is the remainder when t(9) is divided by v?
1
Let q(p) = -p - 1. Let n be q(-3). Let b(s) = -2*s + 0*s + s**3 - 2*s + s**2 + 3. What is the remainder when b(n) is divided by 3?
1
Suppose 11*m - 339 - 57 = 0. Calculate the remainder when m is divided by 6.
0
Let p = -5 - -9. Let a be (2 - 0)/((-6)/(-9)). Suppose 4*j - 3*h = 101, -p*h + 0*h = -a*j + 74. Calculate the remainder when j is divided by 9.
8
Let b be 0 + (1 - 0/1). Let f be (1 - -4) + (b - 1). Suppose 1 = f*s - 139. Calculate the remainder when s is divided by 15.
13
Let f(r) = r. Let n be f(-6). Let x(s) = s**2 + 6*s + 4. Let k be x(n). Suppose 0 = -k*p + 50 + 158. Calculate the remainder when p is divided by 18.
16
Let z(h) = -3*h - 1. Let i = 6 - -25. Calculate the remainder when i is divided by z(-4).
9
Suppose -5*k = 3*v - 0*v - 27, -3*k - 2*v = -17. Let r = 10 + -6. What is the remainder when r is divided by k?
1
Let h(n) = -n - 2. Let y be h(2). Let d = y - -21. What is the remainder when d is divided by 9?
8
Let h be -1 + 5 - (1 + 1). Suppose f - h = -f. What is the remainder when 3 is divided by (f + 0)/((-5)/(-15))?
0
Calculate the remainder when 20 is divided by 0 + 3/(-1) - -15.
8
Suppose 2*c - 9 = 5*o, 3*o + 24 = -o - 4*c. Let b(m) = -m - 1. Let l be b(-3). Calculate the remainder when o/6*l*-2 is divided by 2.
0
Suppose -4*w - 115 + 299 = 0. Calculate the remainder when w is divided by (2/2)/(5/80).
14
Let w(s) = s**2 - 9*s + 4. Let b be w(9). Suppose -b*v = -n - 8, -5*n + 43 = -n - v. Calculate the remainder when 46 is divided by n.
10
Suppose 3*b = 2*k - 38, -k - 2*k + 72 = 3*b. Suppose 4*g + k = 162. What is the remainder when 32 is divided by 14/g - (-53)/5?
10
Suppose -2*m + w = -27, 0*m - 3*w + 10 = m. Let p = 11 - 7. What is the remainder when m is divided by p?
1
Let a(d) = -d**2 - 9*d + 4. Calculate the remainder when a(-5) is divided by 7.
3
Let d(g) = 3*g**2 + 1. Let q be d(1). Suppose q*w - 2*w - 30 = 0. Let v = 19 + -11. Calculate the remainder when w is divided by v.
7
Let f(v) = -4*v + 5. Let m(u) = -7*u + 9. Let p(o) = 10*f(o) - 6*m(o). Calculate the remainder when 16 is divided by p(5).
4
Let z(o) = 2*o - 14. Calculate the remainder when z(8) is divided by 2.
0
Let j = 5 + 12. Calculate the remainder when j is divided by 9.
8
Let g = -11 - -21. Calculate the remainder when g is divided by 6.
4
Let r be (-5)/(-25) + (-24)/(-5). Suppose -l = -4*m 